{"id":72,"date":"2015-03-19T20:25:17","date_gmt":"2015-03-19T20:25:17","guid":{"rendered":"http:\/\/adsoft.zz.vc\/wp\/?page_id=72"},"modified":"2016-05-02T19:54:16","modified_gmt":"2016-05-02T19:54:16","slug":"servicos","status":"publish","type":"page","link":"http:\/\/sindiquimicabr.com.br\/index.php\/servicos\/","title":{"rendered":"Conv\u00eanios"},"content":{"rendered":"<div id=\"pl-72\"  class=\"panel-layout\" ><div id=\"pg-72-0\"  class=\"panel-grid panel-no-style\" ><div id=\"pgc-72-0-0\"  class=\"panel-grid-cell\" ><div id=\"panel-72-0-0-0\" class=\"so-panel widget widget_sow-image panel-first-child\" data-index=\"0\" ><div class=\"so-widget-sow-image so-widget-sow-image-default-4b231843ec72\">\n\n<div class=\"sow-image-container\">\n<a href=\"http:\/\/sindiquimicabr.com.br\/index.php\/2014\/12\/28\/alguns-bons-motivos-para-voce-ser-sindicalizado\/\" >\t<img src=\"http:\/\/sindiquimicabr.com.br\/wp\/wp-content\/uploads\/2015\/03\/523-300x225.jpg\" width=\"300\" height=\"225\" srcset=\"http:\/\/sindiquimicabr.com.br\/wp\/wp-content\/uploads\/2015\/03\/523-300x225.jpg 300w, http:\/\/sindiquimicabr.com.br\/wp\/wp-content\/uploads\/2015\/03\/523-768x576.jpg 768w, http:\/\/sindiquimicabr.com.br\/wp\/wp-content\/uploads\/2015\/03\/523-1024x768.jpg 1024w\" sizes=\"(max-width: 300px) 100vw, 300px\" title=\"Sede\" alt=\"Sede_sindicato\" \t\tclass=\"so-widget-image\"\/>\n<\/a><\/div>\n\n<\/div><\/div><div id=\"panel-72-0-0-1\" class=\"so-panel widget widget_sow-editor panel-last-child\" data-index=\"1\" ><div class=\"so-widget-sow-editor so-widget-sow-editor-base\"><h3 class=\"widget-title\">Sede social<\/h3>\n<div class=\"siteorigin-widget-tinymce textwidget\">\n\t<p>O sindicalizado tem a sua disposi\u00e7\u00e3o a sede social com quadra poliesportiva, salas de treinamento, sal\u00e3o de jogos, churrasqueiras, etc.<\/p>\n<\/div>\n<\/div><\/div><\/div><div id=\"pgc-72-0-1\"  class=\"panel-grid-cell\" ><div id=\"panel-72-0-1-0\" class=\"so-panel widget widget_sow-image panel-first-child\" data-index=\"2\" ><div class=\"so-widget-sow-image so-widget-sow-image-default-4b231843ec72\">\n\n<div class=\"sow-image-container\">\n<a href=\"http:\/\/clinicamedicahoverly.com.br\/\" target=\"_blank\" rel=\"noopener noreferrer\" >\t<img src=\"http:\/\/sindiquimicabr.com.br\/wp\/wp-content\/uploads\/2015\/03\/clinica.jpg\" width=\"150\" height=\"150\" srcset=\"http:\/\/sindiquimicabr.com.br\/wp\/wp-content\/uploads\/2015\/03\/clinica.jpg 214w, http:\/\/sindiquimicabr.com.br\/wp\/wp-content\/uploads\/2015\/03\/clinica-150x150.jpg 150w\" sizes=\"(max-width: 150px) 100vw, 150px\" title=\"Clinica Medica Hoverly\" alt=\"clinica\" \t\tclass=\"so-widget-image\"\/>\n<\/a><\/div>\n\n<\/div><\/div><div id=\"panel-72-0-1-1\" class=\"so-panel widget widget_sow-editor panel-last-child\" data-index=\"3\" ><div class=\"so-widget-sow-editor so-widget-sow-editor-base\"><h3 class=\"widget-title\">Clinica Medica Hoverly<\/h3>\n<div class=\"siteorigin-widget-tinymce textwidget\">\n\t<p>Associados do Sindiquimica tem direito a um desconto exclusivo na Clinica Medica Hoverly,\u00a0Entre em contato conosco<\/p>\n<\/div>\n<\/div><\/div><\/div><div id=\"pgc-72-0-2\"  class=\"panel-grid-cell\" ><div id=\"panel-72-0-2-0\" class=\"so-panel widget widget_sow-image panel-first-child\" data-index=\"4\" ><div class=\"so-widget-sow-image so-widget-sow-image-default-4b231843ec72\">\n\n<div class=\"sow-image-container\">\n<a href=\"http:\/\/sindiquimicabr.com.br\/index.php\/2015\/12\/16\/assessoria-juridica\/\" >\t<img src=\"http:\/\/sindiquimicabr.com.br\/wp\/wp-content\/uploads\/2015\/03\/juridico.jpg\" width=\"150\" height=\"100\" srcset=\"http:\/\/sindiquimicabr.com.br\/wp\/wp-content\/uploads\/2015\/03\/juridico.jpg 1000w, http:\/\/sindiquimicabr.com.br\/wp\/wp-content\/uploads\/2015\/03\/juridico-300x200.jpg 300w, http:\/\/sindiquimicabr.com.br\/wp\/wp-content\/uploads\/2015\/03\/juridico-768x512.jpg 768w, http:\/\/sindiquimicabr.com.br\/wp\/wp-content\/uploads\/2015\/03\/juridico-272x182.jpg 272w\" sizes=\"(max-width: 150px) 100vw, 150px\" title=\"Assessoria Jur\u00eddica\" alt=\"Assessoria Jur\u00eddica\" \t\tclass=\"so-widget-image\"\/>\n<\/a><\/div>\n\n<\/div><\/div><div id=\"panel-72-0-2-1\" class=\"so-panel widget widget_sow-editor panel-last-child\" data-index=\"5\" ><div class=\"so-widget-sow-editor so-widget-sow-editor-base\"><h3 class=\"widget-title\">Assessoria Jur\u00eddica<\/h3>\n<div class=\"siteorigin-widget-tinymce textwidget\">\n\t<p>O Sindiqu\u00edmica\/BR oferece aos empregados sindicalizados a presta\u00e7\u00e3o de servi\u00e7\u00f5es de assessoria jur\u00eddica<\/p>\n<\/div>\n<\/div><\/div><\/div><\/div><div id=\"pg-72-1\"  class=\"panel-grid panel-no-style\" ><div id=\"pgc-72-1-0\"  class=\"panel-grid-cell\" ><div id=\"panel-72-1-0-0\" class=\"so-panel widget widget_sow-image panel-first-child\" data-index=\"6\" ><div class=\"so-widget-sow-image so-widget-sow-image-default-4b231843ec72\">\n\n<div class=\"sow-image-container\">\n<a href=\"http:\/\/www.ascumed.com.br\" target=\"_blank\" rel=\"noopener noreferrer\" >\t<img src=\"http:\/\/sindiquimicabr.com.br\/wp\/wp-content\/uploads\/2015\/03\/ascumed.jpg\" width=\"150\" height=\"130\" srcset=\"http:\/\/sindiquimicabr.com.br\/wp\/wp-content\/uploads\/2015\/03\/ascumed.jpg 500w, http:\/\/sindiquimicabr.com.br\/wp\/wp-content\/uploads\/2015\/03\/ascumed-300x260.jpg 300w\" sizes=\"(max-width: 150px) 100vw, 150px\" title=\"Adscumed\" alt=\"Assumed\" \t\tclass=\"so-widget-image\"\/>\n<\/a><\/div>\n\n<\/div><\/div><div id=\"panel-72-1-0-1\" class=\"so-panel widget widget_sow-editor panel-last-child\" data-index=\"7\" ><div class=\"so-widget-sow-editor so-widget-sow-editor-base\"><h3 class=\"widget-title\">Medicamentos<\/h3>\n<div class=\"siteorigin-widget-tinymce textwidget\">\n\t<p>Associados do Sindiquimica tem direito a um desconto exclusivo na ASCUMED,\u00a0para compra de medicamentos<\/p>\n<\/div>\n<\/div><\/div><\/div><div id=\"pgc-72-1-1\"  class=\"panel-grid-cell\" ><div id=\"panel-72-1-1-0\" class=\"so-panel widget widget_sow-image panel-first-child\" data-index=\"8\" ><div class=\"so-widget-sow-image so-widget-sow-image-default-4b231843ec72\">\n\n<div class=\"sow-image-container\">\n<a href=\"http:\/\/sindiquimicabr.com.br\/index.php\/2013\/12\/18\/curso-de-ingles\" >\t<img src=\"http:\/\/sindiquimicabr.com.br\/wp\/wp-content\/uploads\/2015\/03\/curso-ingles.png\" width=\"150\" height=\"89\" srcset=\"http:\/\/sindiquimicabr.com.br\/wp\/wp-content\/uploads\/2015\/03\/curso-ingles.png 480w, http:\/\/sindiquimicabr.com.br\/wp\/wp-content\/uploads\/2015\/03\/curso-ingles-300x178.png 300w\" sizes=\"(max-width: 150px) 100vw, 150px\" title=\"Curso de Ingl\u00eas\" alt=\"curso\" \t\tclass=\"so-widget-image\"\/>\n<\/a><\/div>\n\n<\/div><\/div><div id=\"panel-72-1-1-1\" class=\"so-panel widget widget_sow-editor panel-last-child\" data-index=\"9\" ><div class=\"so-widget-sow-editor so-widget-sow-editor-base\"><h3 class=\"widget-title\">Curso de Ingl\u00eas<\/h3>\n<div class=\"siteorigin-widget-tinymce textwidget\">\n\t<p>Associados do Sindiquimica tem direito a um desconto exclusivo nas aulas do curso de ingl\u00eas que ocorrer\u00e1 na sede do sindicato,\u00a0Entre em contato conosco e garanta j\u00e1 a sua vaga.<\/p>\n<\/div>\n<\/div><\/div><\/div><div id=\"pgc-72-1-2\"  class=\"panel-grid-cell\" ><div id=\"panel-72-1-2-0\" class=\"so-panel widget widget_sow-image panel-first-child\" data-index=\"10\" ><div class=\"so-widget-sow-image so-widget-sow-image-default-4b231843ec72\">\n\n<div class=\"sow-image-container\">\n<a href=\"http:\/\/www.designviewotica.com.br\/\" target=\"_blank\" rel=\"noopener noreferrer\" >\t<img src=\"http:\/\/sindiquimicabr.com.br\/wp\/wp-content\/uploads\/2015\/12\/Otica_250.jpg\" width=\"150\" height=\"100\" sizes=\"(max-width: 150px) 100vw, 150px\" title=\"\u00d3tica\" alt=\"Design View \u00d3tica\" \t\tclass=\"so-widget-image\"\/>\n<\/a><\/div>\n\n<\/div><\/div><div id=\"panel-72-1-2-1\" class=\"so-panel widget widget_sow-editor panel-last-child\" data-index=\"11\" ><div class=\"so-widget-sow-editor so-widget-sow-editor-base\"><h3 class=\"widget-title\">Design View \u00d3tica<\/h3>\n<div class=\"siteorigin-widget-tinymce textwidget\">\n\t<p>Associados do Sindiquimica tem direito a um desconto exclusivo na Design View \u00d3tica,\u00a0Entre em contato conosco.<\/p>\n<\/div>\n<\/div><\/div><\/div><\/div><div id=\"pg-72-2\"  class=\"panel-grid panel-no-style\" ><div id=\"pgc-72-2-0\"  class=\"panel-grid-cell\" ><div id=\"panel-72-2-0-0\" class=\"so-panel widget widget_sow-image panel-first-child\" data-index=\"12\" ><div class=\"so-widget-sow-image so-widget-sow-image-default-4b231843ec72\">\n\n<div class=\"sow-image-container\">\n<a href=\"http:\/\/www.fabel.edu.br\" target=\"_blank\" rel=\"noopener noreferrer\" >\t<img src=\"http:\/\/sindiquimicabr.com.br\/wp\/wp-content\/uploads\/2015\/12\/images-2.jpeg\" width=\"150\" height=\"50\" srcset=\"http:\/\/sindiquimicabr.com.br\/wp\/wp-content\/uploads\/2015\/12\/images-2.jpeg 389w, http:\/\/sindiquimicabr.com.br\/wp\/wp-content\/uploads\/2015\/12\/images-2-300x100.jpeg 300w\" sizes=\"(max-width: 150px) 100vw, 150px\" title=\"FABEL\" alt=\"Faculdade Belford Roxo\" \t\tclass=\"so-widget-image\"\/>\n<\/a><\/div>\n\n<\/div><\/div><div id=\"panel-72-2-0-1\" class=\"so-panel widget widget_sow-editor panel-last-child\" data-index=\"13\" ><div class=\"so-widget-sow-editor so-widget-sow-editor-base\"><h3 class=\"widget-title\">FABEL<\/h3>\n<div class=\"siteorigin-widget-tinymce textwidget\">\n\t<p>Associados do Sindiquimica tem direito a um desconto exclusivo na FABEL, extensivo para dependentes<\/p>\n<\/div>\n<\/div><\/div><\/div><div id=\"pgc-72-2-1\"  class=\"panel-grid-cell\" ><div id=\"panel-72-2-1-0\" class=\"so-panel widget widget_sow-image panel-first-child\" data-index=\"14\" ><div class=\"so-widget-sow-image so-widget-sow-image-default-4b231843ec72\">\n\n<div class=\"sow-image-container\">\n<a href=\"http:\/\/sindiquimicabr.com.br\/index.php\/2013\/04\/15\/consultorio-odontologico\/\" >\t<img src=\"http:\/\/sindiquimicabr.com.br\/wp\/wp-content\/uploads\/2015\/03\/20160303141415-2.jpg\" width=\"150\" height=\"84\" srcset=\"http:\/\/sindiquimicabr.com.br\/wp\/wp-content\/uploads\/2015\/03\/20160303141415-2.jpg 1075w, http:\/\/sindiquimicabr.com.br\/wp\/wp-content\/uploads\/2015\/03\/20160303141415-2-300x168.jpg 300w, http:\/\/sindiquimicabr.com.br\/wp\/wp-content\/uploads\/2015\/03\/20160303141415-2-768x430.jpg 768w, http:\/\/sindiquimicabr.com.br\/wp\/wp-content\/uploads\/2015\/03\/20160303141415-2-1024x573.jpg 1024w\" sizes=\"(max-width: 150px) 100vw, 150px\" title=\"Clinica Odontologica\" alt=\"clinica\" \t\tclass=\"so-widget-image\"\/>\n<\/a><\/div>\n\n<\/div><\/div><div id=\"panel-72-2-1-1\" class=\"so-panel widget widget_sow-editor panel-last-child\" data-index=\"15\" ><div class=\"so-widget-sow-editor so-widget-sow-editor-base\"><h3 class=\"widget-title\">Odontologia <\/h3>\n<div class=\"siteorigin-widget-tinymce textwidget\">\n\t<p>Associados do Sindoquimica tem direito a um desconto exclusivo no\u00a0Consult\u00f3rio Odontol\u00f3gico,\u00a0Entre em contato conosco<\/p>\n<\/div>\n<\/div><\/div><\/div><div id=\"pgc-72-2-2\"  class=\"panel-grid-cell\" ><div id=\"panel-72-2-2-0\" class=\"so-panel widget widget_sow-image panel-first-child\" data-index=\"16\" ><div class=\"so-widget-sow-image so-widget-sow-image-default-4b231843ec72\">\n\n<div class=\"sow-image-container\">\n<a href=\"http:\/\/imedbr.com.br\" target=\"_blank\" rel=\"noopener noreferrer\" >\t<img src=\"http:\/\/sindiquimicabr.com.br\/wp\/wp-content\/uploads\/2015\/03\/image.php_.png\" width=\"145\" height=\"68\" sizes=\"(max-width: 145px) 100vw, 145px\" title=\"IMED\" alt=\"IMEDBR\" \t\tclass=\"so-widget-image\"\/>\n<\/a><\/div>\n\n<\/div><\/div><div id=\"panel-72-2-2-1\" class=\"so-panel widget widget_sow-editor panel-last-child\" data-index=\"17\" ><div class=\"so-widget-sow-editor so-widget-sow-editor-base\"><h3 class=\"widget-title\">IMED Imagens M\u00e9dicas<\/h3>\n<div class=\"siteorigin-widget-tinymce textwidget\">\n\t<p>Associados do Sindiquimica tem direito a um desconto exclusivo na clinica IMED Imagens M\u00e9dicas,\u00a0Entre em contato conosco<\/p>\n<\/div>\n<\/div><\/div><\/div><\/div><\/div>","protected":false},"excerpt":{"rendered":"<p>O sindicalizado tem a sua disposi\u00e7\u00e3o a sede social com quadra poliesportiva, salas de treinamento, sal\u00e3o de jogos, churrasqueiras, etc. Associados do Sindiquimica tem direito a um desconto exclusivo na Clinica Medica Hoverly,\u00a0Entre em contato conosco O Sindiqu\u00edmica\/BR oferece aos empregados sindicalizados a presta\u00e7\u00e3o de servi\u00e7\u00f5es de assessoria jur\u00eddica Associados do Sindiquimica tem direito a<a class=\"moretag\" href=\"http:\/\/sindiquimicabr.com.br\/index.php\/servicos\/\"> [&#8230;]<\/a><\/p>\n","protected":false},"author":1,"featured_media":0,"parent":0,"menu_order":0,"comment_status":"closed","ping_status":"closed","template":"","meta":[],"_links":{"self":[{"href":"http:\/\/sindiquimicabr.com.br\/index.php\/wp-json\/wp\/v2\/pages\/72"}],"collection":[{"href":"http:\/\/sindiquimicabr.com.br\/index.php\/wp-json\/wp\/v2\/pages"}],"about":[{"href":"http:\/\/sindiquimicabr.com.br\/index.php\/wp-json\/wp\/v2\/types\/page"}],"author":[{"embeddable":true,"href":"http:\/\/sindiquimicabr.com.br\/index.php\/wp-json\/wp\/v2\/users\/1"}],"replies":[{"embeddable":true,"href":"http:\/\/sindiquimicabr.com.br\/index.php\/wp-json\/wp\/v2\/comments?post=72"}],"version-history":[{"count":34,"href":"http:\/\/sindiquimicabr.com.br\/index.php\/wp-json\/wp\/v2\/pages\/72\/revisions"}],"predecessor-version":[{"id":287,"href":"http:\/\/sindiquimicabr.com.br\/index.php\/wp-json\/wp\/v2\/pages\/72\/revisions\/287"}],"wp:attachment":[{"href":"http:\/\/sindiquimicabr.com.br\/index.php\/wp-json\/wp\/v2\/media?parent=72"}],"curies":[{"name":"wp","href":"https:\/\/api.w.org\/{rel}","templated":true}]}}